{"id":2,"date":"2012-08-27T19:36:44","date_gmt":"2012-08-27T19:36:44","guid":{"rendered":"http:\/\/loft393.info\/?page_id=2"},"modified":"2014-01-09T15:24:23","modified_gmt":"2014-01-09T13:24:23","slug":"geschichte","status":"publish","type":"page","link":"https:\/\/www.loft393.info\/?page_id=2","title":{"rendered":"Warum"},"content":{"rendered":"<p>Zugang von der Kaisersch\u00fctzenstra\u00dfe<\/p>\n<p><strong>Loftwohnungen<\/strong><br \/>\nMittelgangerschlie\u00dfung<br \/>\nOffener Grundri\u00df, Teilung in Zonen durch freistehende Na\u00dfzelle<br \/>\nWohnen\/Essen, Schlafen, getrenntes Bad und WC, Abstellraum<br \/>\nBelichtung zu Terrassen \u00fcber Fensterfl\u00e4che 4,8&#215;2,5m, 2 Terrassent\u00fcren<br \/>\nBelichtung Richtung Gang \u00fcber \u00f6ffenbare Dachfl\u00e4chenfenster<br \/>\nRaumh\u00f6he 3,8m (ausgenommen Whg.4)<\/p>\n<p>Zentrale Fu\u00dfbodenheizung<br \/>\nWarmwasserspeicher elektrisch, dezentral<br \/>\nAbrechnung von Heizung und Wasser durch Z\u00e4hler in den Wohnungen<\/p>\n<p>Ausstattung<br \/>\nBad mit Wanne\/Dusche, Waschbecken, Anschlu\u00df Waschmaschine<br \/>\nWC mit Handwaschbecken<br \/>\nK\u00fcche mit Ceranfeld, Backrohr, K\u00fchl- Gefrierkombination, Sp\u00fcle, Anschlu\u00df Geschirrsp\u00fcler<br \/>\nParkettboden, in Bad und K\u00fcche Fliesen<br \/>\nTerrassen Estrichplatten<\/p>\n<p><strong>Altbau<\/strong><br \/>\nGesch\u00e4ftslokal im Altbau<br \/>\nOffene Raumstruktur, Ausstattung mit Waschraum und 3 WCs<br \/>\nNutzung offen, z.B. B\u00fcro, Atelier,Praxisgemeinschaft,Verkaufsr\u00e4ume,Veranstaltungsraum<br \/>\nAusreichend Parkpl\u00e4tze vorhanden, zus\u00e4tzlich Zugang zum \u00f6ffentlichen Parkplatz<\/p>\n<p>Ausstattung<br \/>\nHeizung mit Gas, dezentral<br \/>\nNatursteinboden<\/p>\n<p>Wohnung im Altbau<br \/>\nWohn-, E\u00dfraum und K\u00fcche mit vorgelagerter Terrasse, 2 gro\u00dfz\u00fcgige Schlafzimmer,<br \/>\nebenfalls Zugang zur Terrasse, Bad, getrenntes WC, Abstell-\/ Technikraum,<br \/>\nAusblick auf ein unverbautes Feld im Osten, den Garten der Anlage im S\u00fcden und die<br \/>\nGr\u00fcnfl\u00e4chen der Schule im Westen<br \/>\nRaumh\u00f6he 2,75m<\/p>\n<p>Ausstattung<br \/>\nHeizung und Warmwasser mit Gas, dezentral<br \/>\nBad mit Wanne\/Dusche, Waschbecken, Anschlu\u00df Waschmaschine<br \/>\nWC mit Handwaschbecken<br \/>\nK\u00fcche mit Ceranfeld, Backrohr, Sp\u00fcle, Anschlu\u00df Geschirrsp\u00fcler<br \/>\nDesignbelag, Fliesen in Bad und WC<br \/>\nTerrassen Estrichplatten<\/p>\n","protected":false},"excerpt":{"rendered":"<p>Zugang von der Kaisersch\u00fctzenstra\u00dfe Loftwohnungen Mittelgangerschlie\u00dfung Offener Grundri\u00df, Teilung in Zonen durch freistehende Na\u00dfzelle Wohnen\/Essen, Schlafen, getrenntes Bad und WC, Abstellraum Belichtung zu Terrassen \u00fcber Fensterfl\u00e4che 4,8&#215;2,5m, 2 Terrassent\u00fcren Belichtung Richtung Gang \u00fcber \u00f6ffenbare Dachfl\u00e4chenfenster Raumh\u00f6he 3,8m (ausgenommen Whg.4) Zentrale &hellip; <a href=\"https:\/\/www.loft393.info\/?page_id=2\">Lesen fortsetzen <span class=\"meta-nav\">&rarr;<\/span><\/a><\/p>\n","protected":false},"author":1,"featured_media":0,"parent":0,"menu_order":0,"comment_status":"closed","ping_status":"closed","template":"","meta":{"footnotes":""},"class_list":["post-2","page","type-page","status-publish","hentry"],"_links":{"self":[{"href":"https:\/\/www.loft393.info\/index.php?rest_route=\/wp\/v2\/pages\/2","targetHints":{"allow":["GET"]}}],"collection":[{"href":"https:\/\/www.loft393.info\/index.php?rest_route=\/wp\/v2\/pages"}],"about":[{"href":"https:\/\/www.loft393.info\/index.php?rest_route=\/wp\/v2\/types\/page"}],"author":[{"embeddable":true,"href":"https:\/\/www.loft393.info\/index.php?rest_route=\/wp\/v2\/users\/1"}],"replies":[{"embeddable":true,"href":"https:\/\/www.loft393.info\/index.php?rest_route=%2Fwp%2Fv2%2Fcomments&post=2"}],"version-history":[{"count":11,"href":"https:\/\/www.loft393.info\/index.php?rest_route=\/wp\/v2\/pages\/2\/revisions"}],"predecessor-version":[{"id":253,"href":"https:\/\/www.loft393.info\/index.php?rest_route=\/wp\/v2\/pages\/2\/revisions\/253"}],"wp:attachment":[{"href":"https:\/\/www.loft393.info\/index.php?rest_route=%2Fwp%2Fv2%2Fmedia&parent=2"}],"curies":[{"name":"wp","href":"https:\/\/api.w.org\/{rel}","templated":true}]}}